 a multiple of 26?
True
Is 3244192 a multiple of 224?
True
Is 178633 a multiple of 9?
False
Does 152 divide 123120?
True
Does 40 divide 326200?
True
Is 596 a factor of 231614?
False
Is 294056 a multiple of 100?
False
Does 370 divide 1461278?
False
Does 11 divide 5461716?
False
Does 3 divide 360010?
False
Is 346 a factor of 1109311?
False
Does 60 divide 207720?
True
Is 234384 a multiple of 16?
True
Is 5548363 a multiple of 24?
False
Does 545 divide 93195?
True
Does 9 divide 995765?
False
Does 9 divide 513?
True
Is 75 a factor of 1557150?
True
Is 1148750 a multiple of 125?
True
Is 182061 a multiple of 33?
True
Is 68234 a multiple of 166?
False
Is 2144359 a multiple of 98?
False
Is 21 a factor of 13545?
True
Is 50457 a multiple of 17?
False
Is 11 a factor of 305415?
True
Is 477415 a multiple of 2?
False
Is 54484 a multiple of 678?
False
Does 11 divide 14000338?
True
Is 1893168 a multiple of 18?
True
Does 194 divide 341246?
True
Does 8 divide 181965?
False
Does 264 divide 493680?
True
Is 1115321 a multiple of 200?
False
Is 107 a factor of 1886949?
False
Is 1516 a factor of 9634180?
True
Is 50 a factor of 9955450?
True
Is 52273 a multiple of 29?
False
Is 41 a factor of 26327?
False
Does 129 divide 5968185?
True
Is 154 a factor of 13365092?
False
Does 12 divide 139308?
True
Is 271806 a multiple of 173?
False
Is 4081257 a multiple of 18?
False
Is 7211941 a multiple of 16?
False
Does 298 divide 2129806?
True
Is 169106 a multiple of 514?
True
Does 22 divide 3506579?
False
Does 15 divide 621932?
False
Is 15 a factor of 42420?
True
Does 613 divide 20560287?
False
Does 10 divide 222308?
False
Is 46 a factor of 4078680?
False
Is 85725 a multiple of 127?
True
Does 111 divide 2581860?
True
Is 212 a factor of 18752?
False
Does 19 divide 3928040?
False
Is 4449443 a multiple of 47?
True
Is 891062 a multiple of 216?
False
Is 6038404 a multiple of 227?
False
Does 432 divide 949104?
True
Is 161 a factor of 9444795?
False
Is 58 a factor of 282982?
True
Does 22 divide 26260432?
True
Is 18 a factor of 1344951?
False
Does 261 divide 183885?
False
Is 1017629 a multiple of 451?
False
Is 2596 a multiple of 4?
True
Is 1137 a factor of 3068763?
True
Does 374 divide 7453416?
False
Does 23 divide 4827?
False
Does 12 divide 329100?
True
Does 9 divide 20583?
True
Is 182 a factor of 2324537?
False
Does 26 divide 2530996?
True
Is 52156 a multiple of 52?
True
Is 1483956 a multiple of 1003?
False
Does 6 divide 40314?
True
Is 3646604 a multiple of 112?
False
Is 13 a factor of 123478?
False
Is 166283 a multiple of 6?
False
Does 3 divide 89462?
False
Is 230118 a multiple of 7?
True
Is 2783711 a multiple of 383?
False
Is 119 a factor of 5434356?
False
Does 7 divide 6999216?
True
Is 114544 a multiple of 15?
False
Does 100 divide 40900?
True
Is 4532 a multiple of 4?
True
Does 15 divide 1180560?
True
Is 5 a factor of 160359?
False
Is 21631 a multiple of 223?
True
Is 619740 a multiple of 6?
True
Is 57864 a multiple of 229?
False
Is 420372 a multiple of 2?
True
Does 180 divide 3200623?
False
Does 8 divide 3479024?
True
Does 77 divide 2987724?
False
Does 729 divide 880632?
True
Is 133936 a multiple of 176?
True
Is 53 a factor of 2112266?
False
Is 161395 a multiple of 13?
True
Is 35 a factor of 4042175?
False
Is 5 a factor of 1109395?
True
Is 702952 a multiple of 86?
False
Is 12 a factor of 7402572?
True
Does 109 divide 258537?
False
Is 37 a factor of 8140?
True
Is 10 a factor of 2839?
False
Is 1423209 a multiple of 116?
False
Is 2 a factor of 180372?
True
Is 8096 a multiple of 23?
True
Does 9 divide 2107?
False
Is 68 a factor of 346262?
False
Is 481 a factor of 194324?
True
Does 111 divide 7275384?
True
Does 14 divide 281894?
False
Does 107 divide 221383?
True
Is 394591 a multiple of 12?
False
Is 4311216 a multiple of 1092?
True
Does 12 divide 2283936?
True
Is 24 a factor of 222417?
False
Is 30 a factor of 86010?
True
Is 9678982 a multiple of 19?
False
Does 2 divide 30549?
False
Is 14008142 a multiple of 9?
False
Is 5000424 a multiple of 124?
True
Is 238131 a multiple of 11?
False
Is 7779162 a multiple of 46?
False
Does 583 divide 3479927?
True
Does 98 divide 18020240?
True
Is 72818 even?
True
Does 194 divide 1098622?
True
Is 65 a factor of 1243840?
True
Is 23 a factor of 1476?
False
Is 26 a factor of 296478?
True
Is 8 a factor of 3014944?
True
Is 46 a factor of 135821?
False
Is 796 a factor of 2493868?
True
Is 1383629 a multiple of 187?
False
Is 4 a factor of 11625?
False
Is 283104 a multiple of 89?
False
Is 195 a factor of 22815?
True
Does 32 divide 39008?
True
Is 22 a factor of 948684?
True
Is 416 a factor of 869856?
True
Is 3509616 a multiple of 816?
True
Does 161 divide 2386200?
False
Is 84588 a multiple of 19?
True
Is 35813677 a multiple of 15?
False
Is 54 a factor of 64746?
True
Does 7 divide 283017?
True
Does 56 divide 10800272?
True
Does 149 divide 317100?
False
Does 66 divide 425387?
False
Does 5 divide 54096?
False
Is 14 a factor of 3325?
False
Is 130 a factor of 75140?
True
Does 8 divide 237587?
False
Does 28 divide 1933114?
False
Is 17 a factor of 733431?
True
Does 20 divide 24870?
False
Does 9 divide 3243276?
True
Does 24 divide 2162352?
True
Is 36 a factor of 500196?
False
Does 74 divide 120663?
False
Is 272 a factor of 1013219?
False
Is 10 a factor of 16991?
False
Does 16 divide 6533969?
False
Is 3018063 a multiple of 17?
False
Is 20 a factor of 1406080?
True
Is 11 a factor of 53568?
False
Is 159100 a multiple of 86?
True
Does 17 divide 13944534?
False
Is 152609 a multiple of 130?
False
Is 1574288 a multiple of 7?
False
Is 473 a factor of 241946?
False
Is 49548 a multiple of 12?
True
Is 7 a factor of 4286184?
True
Is 60 a factor of 9939480?
True
Does 13 divide 48737?
True
Is 6937626 a multiple of 143?
False
Does 22 divide 15994329?
False
Is 119735 a multiple of 35?
True
Is 31 a factor of 1963375?
False
Is 23 a factor of 239453?
True
Is 1543245 a multiple of 517?
True
Is 186 a factor of 2448318?
True
Does 76 divide 931150?
False
Is 395314 a multiple of 39?
False
Is 489830 a multiple of 55?
True
Is 31 a factor of 1336689?
True
Is 41281 a multiple of 42?
False
Is 308 a factor of 34211?
False
Is 9138 a multiple of 3?
True
Does 3 divide 4417781?
False
Is 91 a factor of 6135386?
False
Is 141701 a multiple of 5?
False
Is 13 a factor of 424875?
False
Does 7 divide 81863?
False
Is 77 a factor of 336952?
True
Is 47 a factor of 345168?
True
Does 9 divide 8249368?
False
Is 297036 a multiple of 4?
True
Does 8 divide 134003?
False
Is 421 a factor of 227340?
True
Is 159 a factor of 6418855?
False
Is 337 a factor of 404400?
True
Is 92175 a multiple of 71?
False
Is 607 a factor of 16759877?
True
Is 6365400 a multiple of 25?
True
Is 1471655 a multiple of 67?
True
Is 642811 a multiple of 13?
True
Does 18 divide 203374?
False
Is 528923 a multiple of 80?
False
Does 18 divide 143696?
False
Is 244125 a multiple of 93?
True
Is 2116460 a multiple of 320?
False
Does 106 divide 103296?
False
Does 10 divide 67930?
True
Is 192 a factor of 11712?
True
Is 152615 a multiple of 62?
False
Is 45 a factor of 223862?
False
Does 128 divide 492228?
False
Is 244 a factor of 3142476?
True
Is 60108 a multiple of 61?
False
Is 9 a factor of 28710?
True
Is 160 a factor of 133562?
False
Does 4 divide 304307?
False
Does 248 divide 1759076?
False
Is 169407 a multiple of 9?
True
Is 105300 a multiple of 79?
False
Is 388545 a multiple of 54?
False
Is 28 a factor of 147412?
False
Does 85 divide 237320?
True
Is 1257 a factor of 2537883?
True
Does 197 divide 67522?
False
Is 288487 a multiple of 6?
False
Is 81183 a multiple of 245?
False
Is 610 a factor of 1266360?
True
Is 712281 a multiple of 11?
False
Is 14 a factor of 7559118?
True
Is 66 a factor of 1676796?
True
Does 912 divide 3889237?
False
Is 46 a factor of 356546?
True
Is 12 a factor of 3523293?
False
Is 152 a factor of 22114?
False
Is 16659960 a multiple of 856?
False
Is 3079903 a multiple of 156?
False
Is 517 a factor of 130639?
False
Does 109 divide 240244?
False
Is 148 a factor of 187593?
False
Is 17735 a multiple of 18?
False
Is 16223250 a multiple of 970?
True
Is 73751 a multiple of 7?
False
Is 354438 a multiple of 10?
False
Does 14 divide 212758?
True
Is 61 a factor of 13054?
True
Does 19 divide 4683347?
False
Is 3 a factor of 23591?
False
Is 443 a factor of 